2. Let c be r(1). Let o be n(c). Suppose 3*f = u + 2*f - 110, 0 = 3*u + o*f - 322. Is u composite?
False
Is (21/6)/(1/46) composite?
True
Let d(v) = v - 1. Let o be d(3). Suppose -3*j + 4*j + o*n = 45, -4*n + 12 = 0. Is j a prime number?
False
Let f = -46 - 33. Suppose 8 = 2*t + 2. Is -3*f/t*1 a composite number?
False
Suppose -4*s + 9 + 23 = 0. Suppose -4*v + s = -j, -5*v = -5*j - 17 + 7. Suppose 2*k - 175 = -3*h, -2*h + j*k - 3*k + 125 = 0. Is h a prime number?
False
Let u(d) = -2*d**3 - 14*d**2 - 6*d + 27. Is u(-11) prime?
True
Let d = 4 + -4. Suppose d = -0*n - 4*n + 132. Is n a prime number?
False
Let o be ((-5)/4)/((-2)/8). Suppose -o = 2*n - 11. Suppose 3*c - 348 = -n*k, c - 351 = -3*k - c. Is k prime?
False
Let y(v) = 10*v + 17. Is y(7) prime?
False
Suppose 3*g + 13 = -11. Let t(j) = -j**3 - 2*j**2 + 10*j - 3. Is t(g) a prime number?
False
Let j(h) = -88*h**3 + 2*h**2 + 4*h + 3. Is j(-2) composite?
True
Let c(v) = 221*v + 1. Let j be c(-1). Let n = 347 + j. Is n composite?
False
Let k be 2 + 0 + 0/1. Suppose 0*c - k*c = -216. Suppose 3*l + 3*q = c, -3*q = -4*l + 76 + 33. Is l composite?
False
Suppose 20 = -5*l, -5*l = -3*n - l + 31. Suppose 27 = 3*g + 3*r - 5*r, 2*g - n*r - 18 = 0. Is g composite?
True
Suppose -5*m = -366 - 359. Is m a prime number?
False
Suppose 2*d = -3*d + 4*k + 13, d - 11 = -2*k. Suppose -5*o = -4*o + d*b + 9, -3*b = 2*o - 3. Is (-84)/(-15) - o/(-15) a composite number?
True
Let i = 12 - 6. Suppose -i*d + 3*j = -d - 373, -4*j = -2*d + 138. Is d prime?
False
Suppose -3 = -0*r + r. Is (18/(-4) + r)*-2 prime?
False
Let q(f) = 48*f - 5. Let t(v) = -144*v + 14. Let j(m) = -17*q(m) - 6*t(m). Let g be (-8)/(-28) + (-5)/(-7). Is j(g) a prime number?
False
Suppose -2*s - 6*f = -7*f - 114, -5*f = 4*s - 242. Is s composite?
True
Suppose 0 = n - 7 - 100. Suppose 252 + n = i. Is i a composite number?
False
Suppose 396 = 6*g - 498. Is g composite?
False
Suppose 3*p + 2*z = 1217 + 5168, 5*p - 10641 = -4*z. Is p composite?
False
Let a(u) = -2*u**3 + u**2 - u - 1. Let t be a(-1). Suppose -t*x + 130 = -x. Is x prime?
False
Let k = 436 + -253. Is k a prime number?
False
Let o = 9 - 5. Suppose -3*f = -o*f + 7. Suppose 4*u - 464 = -f*k + 2*k, 325 = 3*u - 2*k. Is u a prime number?
False
Let j(m) = -52*m - 21. Is j(-5) composite?
False
Let s be (3 + 1)/(2/3). Suppose s*l + 179 = d + l, -5*l + 895 = 5*d. Is d composite?
False
Let w(n) = 3*n**2 + 9*n - 5. Is w(14) prime?
True
Let w(r) = 78*r**2 - 1. Let l = 7 - 5. Let p be (l/4)/(1/2). Is w(p) a composite number?
True
Suppose -i + 31 = -2. Let c(t) = 1 - 3 - 1 + i*t**2 - 1. Is c(-3) prime?
True
Suppose 3*r + 2546 = 2*m, 0 = -4*r - 3*m - 987 - 2436. Let n = 1271 + r. Is n a composite number?
False
Is 5356/10 - 6/10 a prime number?
False
Let n(s) = -s**3 + 4*s**2 + 5*s + 6. Let w be n(5). Suppose -3*a + w*a = 1893. Is a a composite number?
False
Let p(d) = -d**3 + 4*d**2 - 3*d + 2. Let g be p(2). Suppose -4*w + g = -4. Suppose w*a + 455 = 7*a. Is a composite?
True
Let p(u) = 3*u**2 - u + 2. Let i be p(7). Suppose 3*a - i = 95. Is a a prime number?
True
Let i(c) = 4*c**3 + c**2 - 2*c + 1. Let a be i(1). Is 9/(-12) + 91/a prime?
False
Let c(i) = 12*i**2 - 4*i + 3. Is c(4) composite?
False
Let u(s) = -s**2 - 11*s + 2. Let c be u(-11). Let q(p) = 30*p - 1. Is q(c) composite?
False
Let n = 5 + -3. Suppose n*t - 19 = 139. Is t a composite number?
False
Suppose 97 = d - 2*j, -464 = 2*d - 7*d + 3*j. Is d composite?
True
Suppose 3*z + 2*z = 5, -3*k - 2*z = -17. Let q = 8 - k. Suppose -3*c + 44 + 11 = -4*l, -2*l + 67 = q*c. Is c a prime number?
False
Let b(w) = 2*w**2 - 3*w + 1. Let m be b(3). Suppose -m = -n + 4. Suppose 2*f - 5*p - 11 - 22 = 0, f - n = 5*p. Is f a prime number?
True
Suppose -w + 8 - 6 = 0. Is (852/18)/(w/3) a prime number?
True
Let p be (-6)/8 + (-201)/(-12). Suppose -4*u + 2*u = -p. Is 1686/u + (-1)/(-4) composite?
False
Suppose 5*m = b + 950, 4*m - 2*b = 1160 - 406. Let u = 310 - m. Is u a composite number?
True
Let i(c) = c**3 - 7*c**2 + 5*c + 8. Let t be i(6). Suppose 249 = -t*y + 5*y. Is y a prime number?
True
Let i = 16 - 7. Suppose a - i = 22. Is a prime?
True
Let t(r) = -33*r - 17*r - 13 - 3*r - 4*r. Is t(-6) a composite number?
True
Suppose 439 = d - 89. Suppose s - d = 4*k + 3*s, 0 = k + s + 133. Let g = -42 - k. Is g a composite number?
False
Let b be 1 + ((-246)/3)/1. Let n = 334 + b. Is n a prime number?
False
Is 4 + (3 - 4*-178) composite?
False
Suppose -4*w = 2*o - 4*o, -2*w = 2*o. Suppose o = -0*b - 2*b + 52. Is b a prime number?
False
Suppose 5*x - 4260 = -5*s, 6*x + 1708 = 2*s + 4*x. Is s a composite number?
False
Suppose -5*f - w + 6 = 0, 2*f + 3 = -2*w - 1. Suppose 0 = -f*o + j + 586, 5*j - 293 = -o + 3*j. Is o prime?
True
Let o(a) = -a**3 - 6*a**2 + 10*a - 1. Is o(-10) a composite number?
True
Let r(k) = 72*k**2 + 12*k + 7. Is r(-2) prime?
True
Suppose -5*g - 11 = h - 0*g, -16 = 4*g. Is -2 + -3 + 3 + h a composite number?
False
Let t(n) = -n**3 + 8*n**2 + 6*n - 8. Is t(7) composite?
False
Suppose 1 = 5*g - a, 3*a = -5*g - 6 + 3. Suppose x - 49 = -4*o, -5 = o - g*o. Is x a prime number?
False
Let z = -1459 + 3180. Is z prime?
True
Suppose 72423 = -3*x + 12*x. Is x a composite number?
True
Let k = -653 + 1059. Is (k/(-4) + 0)*-2 a composite number?
True
Let u be 1996/28 - (-4)/(-14). Suppose 2*i - u = -25. Is i prime?
True
Is 633/9*3*(2 + -1) composite?
False
Let z(o) = 3*o + 5. Let l(k) = k + 1. Let n(h) = -2*l(h) + z(h). Let m be n(-6). Let r(d) = d**2 + d + 1. Is r(m) a prime number?
True
Let n = 8 + -4. Suppose -4*d + 8 + 16 = -2*k, k + 6 = n*d. Let b = k - -37. Is b a prime number?
True
Is (-8)/(-14) + (-2410)/(-70) prime?
False
Suppose 2*h - 2*u - 514 = 0, 8*u + 520 = 2*h + 4*u. Is h composite?
True
Let v(x) = -x + 1. Let w be v(3). Let l = w + 1. Let h = 20 - l. Is h a prime number?
False
Let k(r) = r - 1. Suppose -2*x + 0*x = -16. Let m be k(x). Let a(f) = f**3 - 2*f**2 - 9*f + 9. Is a(m) composite?
False
Suppose 0 = 3*b + 13 - 106. Is b prime?
True
Let o be 0 + (-2)/(1 - 3). Let f(a) = -2*a**2. Let y be f(o). Is (381/6)/(y/(-4)) prime?
True
Let u = 2341 + -1644. Is u a prime number?
False
Let a(l) = 44*l - 25. Is a(15) composite?
True
Suppose 4*n - 259 = 1221. Let o = n + -209. Is o prime?
False
Suppose 4*s + 12 = 0, z + 4*s + 265 = -0*s. Let d = 612 + z. Is d a composite number?
False
Let k(i) = 308*i + 3. Is k(5) prime?
True
Let j be 46*10/8*2. Let t = j - 62. Is t a prime number?
True
Let l(g) = 170*g + 23. Is l(7) prime?
True
Suppose -1 + 11 = 5*y. Suppose 4 = 2*u + 2*c, -y*u - u + 5*c = 34. Let q(j) = -j**3 - 2*j**2 + j + 1. Is q(u) a prime number?
True
Let j(l) = -l + 1. Let n(d) = 4*d + 330. Let f(m) = 5*j(m) + n(m). Is f(0) composite?
True
Let f = -1395 - -2272. Is f a prime number?
True
Suppose b = 2*b - 3. Suppose 4*u - 32 = 16. Let x = b + u. Is x a prime number?
False
Suppose 2*a = -3*d + 8, -4*a + d - 3*d = -16. Suppose -3*t - s = -201, a*s - s + 134 = 2*t. Is t a composite number?
False
Let n = -6 + 6. Suppose n = -2*m + 14 + 30. Let f = m + 15. Is f a prime number?
True
Let g(j) = 12*j + 11. Let y(x) = 35*x + 33. Let o(r) = -11*g(r) + 4*y(r). Is o(9) composite?
False
Let v be ((-171)/(-6) + 1)*4. Suppose 0 = -4*m + 22 + v. Is m prime?
False
Suppose 0 = 5*o - 2*o - 168. Let z = -135 + o. Let c = 122 + z. Is c composite?
False
Let l(y) = -y**2 + 10*y. Let b be l(10). Suppose o + b*o - 5*n = -8, 3*n = 3*o - 24. Suppose 0 = -4*z + 12 + o. Is z composite?
True
Let c(t) be the second derivative of 0*t**3 + 21/2*t**4 + 4*t + 1/2*t**2 + 0. Is c(1) composite?
False
Let t = -14 - -7. Let y(d) = d**2 + 7*d + 4. Let h be y(t). Is h/16 + 27/4 a composite number?
False
Let h be (4/(-5))/(3/(-15)). Suppose -9 = a - 2*k + 156, -639 = h*a - k. Let i = -70 - a. Is i a prime number?
True
Suppose -5*m = 3*h + 33, h - m + 1 + 2 = 0. Is 4/(-6) + (-136)/h a composite number?
True
Suppose 2*n - 10 = 0, 5*m + 4*n + 76 - 261 = 0. Let h be (-4)/(2 - 0) - m. Let u = -12 - h. Is u a composite number?
False
Suppose -3 + 117 = 2*s. Is s a composite number?
True
Let q be (8/6)/((-4)/(-6)). Is (-67949)/(-105) - q/15 a composite number?
False
Let r = 746 - 409. Is r a composite number?
False
Let v = -208 + 102. Let a = -49 - v. Is a composite?
True
Let t(o) = 16*o - 7.